{"id":7,"date":"2024-03-15T10:44:26","date_gmt":"2024-03-15T10:44:26","guid":{"rendered":"https:\/\/beerandfoodfestbl.com\/?page_id=7"},"modified":"2026-02-23T15:03:49","modified_gmt":"2026-02-23T15:03:49","slug":"pocetna","status":"publish","type":"page","link":"https:\/\/beerandfoodfestbl.com\/","title":{"rendered":"Po\u010detna"},"content":{"rendered":"\t\t<div data-elementor-type=\"wp-post\" data-elementor-id=\"7\" class=\"elementor elementor-7\">\n\t\t\t\t<div class=\"elementor-element elementor-element-01a2f84 e-grid e-con-boxed e-con e-parent\" data-id=\"01a2f84\" data-element_type=\"container\" data-e-type=\"container\">\n\t\t\t\t\t<div class=\"e-con-inner\">\n\t\t<div class=\"elementor-element elementor-element-c6add0e e-flex e-con-boxed e-con e-child\" data-id=\"c6add0e\" data-element_type=\"container\" data-e-type=\"container\">\n\t\t\t\t\t<div class=\"e-con-inner\">\n\t\t\t\t<div class=\"elementor-element elementor-element-0e8f37e elementor-widget elementor-widget-image\" data-id=\"0e8f37e\" data-element_type=\"widget\" data-e-type=\"widget\" data-widget_type=\"image.default\">\n\t\t\t\t<div class=\"elementor-widget-container\">\n\t\t\t\t\t\t\t\t\t\t\t\t\t\t\t<img fetchpriority=\"high\" decoding=\"async\" width=\"843\" height=\"872\" src=\"https:\/\/beerandfoodfestbl.com\/wp-content\/uploads\/2026\/02\/LOGOPNGAsset-3@2x-e1771858995984.png\" class=\"attachment-full size-full wp-image-6250\" alt=\"\" srcset=\"https:\/\/beerandfoodfestbl.com\/wp-content\/uploads\/2026\/02\/LOGOPNGAsset-3@2x-e1771858995984.png 843w, https:\/\/beerandfoodfestbl.com\/wp-content\/uploads\/2026\/02\/LOGOPNGAsset-3@2x-e1771858995984-290x300.png 290w, https:\/\/beerandfoodfestbl.com\/wp-content\/uploads\/2026\/02\/LOGOPNGAsset-3@2x-e1771858995984-768x794.png 768w\" sizes=\"(max-width: 843px) 100vw, 843px\" \/>\t\t\t\t\t\t\t\t\t\t\t\t\t\t\t<\/div>\n\t\t\t\t<\/div>\n\t\t<div class=\"elementor-element elementor-element-cd6347d e-con-full e-flex e-con e-child\" data-id=\"cd6347d\" data-element_type=\"container\" data-e-type=\"container\" data-settings=\"{&quot;background_background&quot;:&quot;classic&quot;}\">\n\t\t<div class=\"elementor-element elementor-element-91ce6c0 elementor-hidden-mobile e-con-full e-flex e-con e-child\" data-id=\"91ce6c0\" data-element_type=\"container\" data-e-type=\"container\" data-settings=\"{&quot;background_background&quot;:&quot;classic&quot;}\">\n\t\t\t\t<\/div>\n\t\t<div class=\"elementor-element elementor-element-0e63719 e-con-full e-flex e-con e-child\" data-id=\"0e63719\" data-element_type=\"container\" data-e-type=\"container\" data-settings=\"{&quot;background_background&quot;:&quot;classic&quot;}\">\n\t\t\t\t<div class=\"elementor-element elementor-element-38cdf08 elementor-widget elementor-widget-text-editor\" data-id=\"38cdf08\" data-element_type=\"widget\" data-e-type=\"widget\" data-widget_type=\"text-editor.default\">\n\t\t\t\t<div class=\"elementor-widget-container\">\n\t\t\t\t\t\t\t\t\t<p><strong>BANJA LUKA BEER AND FOOD FEST<\/strong> je festival hedonisti\u010dkog karaktera \u2013 osmi\u0161ljen da zadovolji ukus najzahtjevnijih ljubitelja hrane i pi\u0107a.<\/p><p>Jedan od primarnih ciljeva festivala je privla\u010denje posjetioca iz regiona kroz medijsku kampanju, promocija doma\u0107ih proizvoda uz cijelodnevnu zabavu i aktivnosti.<\/p><p>Pristup svim festivalskim zonama \u0107e biti potpuno besplatan da bi posjetioci u \u0161to ve\u0107em broju mogli da u\u017eivaju u sadr\u017eajima i to u periodu od punih 10 dana!<\/p><p>Festival \u0107e svakodnevno biti propra\u0107en muzi\u010dkim i kulturnim sadr\u017eajem pogodnim za sve uzraste.<\/p>\t\t\t\t\t\t\t\t<\/div>\n\t\t\t\t<\/div>\n\t\t\t\t<div class=\"elementor-element elementor-element-64f1827 elementor-hidden-desktop elementor-hidden-tablet elementor-hidden-mobile elementor-widget elementor-widget-text-editor\" data-id=\"64f1827\" data-element_type=\"widget\" data-e-type=\"widget\" data-widget_type=\"text-editor.default\">\n\t\t\t\t<div class=\"elementor-widget-container\">\n\t\t\t\t\t\t\t\t\t<p><strong>BANJA LUKA BEER AND FOOD FEST 2025<br \/><\/strong><\/p><p><span lang=\"HR\">Sa velikim zadovoljstvom najavljujemo \u201eBanja Luka Beer and Food Fest 2025\u201c, spektakularni festival posve\u0107en hedonizmu i u\u017eivanju, koji \u0107e se odr\u017eati od 05. do 14. septembra 2025. godine na platou ispred Nacionalnog Teniskog Centra u Banjoj Luci.<\/span><\/p><p><span lang=\"HR\">Ovaj jedinstveni festival, koji traje punih 10 dana, osmi\u0161ljen je kako bi zadovoljio ukus i najzahtjevnijih ljubitelja hrane i pi\u0107a. Na\u0161a misija je da okupimo posjetioce i hedoniste iz \u010ditavog regiona, da kroz dinami\u010dnu medijsku kampanju promovi\u0161emo doma\u0107e proizvode i pru\u017eimo nezaboravno iskustvo uz cijelodnevnu zabavu i raznovrsne aktivnosti.<\/span><\/p><p><span lang=\"HR\">Posjetioci \u201eBanja Luka Beer and Food Festa\u201c \u0107e imati priliku da u\u017eivaju u bogatom sadr\u017eaju: vi\u0161e od 30 izlaga\u010da i preko 50 muzi\u010dkih i kulturnih izvo\u0111a\u010da. Festival \u0107e biti oboga\u0107en svakodnevnim muzi\u010dkim i kulturnim sadr\u017eajem prilago\u0111enim svim uzrastima, dok \u0107e roditelji mo\u0107i da se opuste uz bogat asortiman hrane i pi\u0107a a njihova djeca \u0107e u\u017eivati u na\u0161oj igraonici oboga\u0107enoj zabavnim i edukativnim sadr\u017eajima.<\/span><\/p><p><span lang=\"HR\">Posebna pa\u017enja posve\u0107ena je udobnosti na\u0161ih posjetilaca \u2013 ulaz u sve festivalske zone bi\u0107e u potpunosti besplatan a festival \u0107e ponuditi i besplatan parking za sve goste.<\/span><\/p><p><span lang=\"HR\">\u201eBanja Luka Beer and Food Fest 2025\u201c idealna je prilika da se okupe ljubitelji dobre hrane, pi\u0107a, muzike i kulture na jednoj lokaciji, te da zajedno provedu vrijeme u opu\u0161taju\u0107oj i veseloj atmosferi. Pozivamo sve zainteresovane da nam se pridru\u017ee i do\u017eive \u010daroliju ovog jedinstvenog festivala.<\/span><\/p>\t\t\t\t\t\t\t\t<\/div>\n\t\t\t\t<\/div>\n\t\t\t\t<div class=\"elementor-element elementor-element-270ef49 elementor-countdown--label-block elementor-widget elementor-widget-countdown\" data-id=\"270ef49\" data-element_type=\"widget\" data-e-type=\"widget\" data-widget_type=\"countdown.default\">\n\t\t\t\t<div class=\"elementor-widget-container\">\n\t\t\t\t\t\t\t<div data-expire-actions=\"[{&quot;type&quot;:&quot;hide&quot;}]\" class=\"elementor-countdown-wrapper\" data-date=\"1789149600\">\n\t\t\t<div class=\"elementor-countdown-item\"><span class=\"elementor-countdown-digits elementor-countdown-days\"><\/span> <span class=\"elementor-countdown-label\">Dana<\/span><\/div><div class=\"elementor-countdown-item\"><span class=\"elementor-countdown-digits elementor-countdown-hours\"><\/span> <span class=\"elementor-countdown-label\">Sati<\/span><\/div><div class=\"elementor-countdown-item\"><span class=\"elementor-countdown-digits elementor-countdown-minutes\"><\/span> <span class=\"elementor-countdown-label\">Minuta<\/span><\/div><div class=\"elementor-countdown-item\"><span class=\"elementor-countdown-digits elementor-countdown-seconds\"><\/span> <span class=\"elementor-countdown-label\">Sekundi<\/span><\/div>\t\t<\/div>\n\t\t\t\t\t\t<\/div>\n\t\t\t\t<\/div>\n\t\t\t\t<\/div>\n\t\t<div class=\"elementor-element elementor-element-a2ec587 elementor-hidden-mobile e-flex e-con-boxed e-con e-child\" data-id=\"a2ec587\" data-element_type=\"container\" data-e-type=\"container\" data-settings=\"{&quot;background_background&quot;:&quot;classic&quot;}\">\n\t\t\t\t\t<div class=\"e-con-inner\">\n\t\t\t\t\t<\/div>\n\t\t\t\t<\/div>\n\t\t\t\t<\/div>\n\t\t\t\t\t<\/div>\n\t\t\t\t<\/div>\n\t\t\t\t\t<\/div>\n\t\t\t\t<\/div>\n\t\t<div class=\"elementor-element elementor-element-59332b0 e-flex e-con-boxed e-con e-parent\" data-id=\"59332b0\" data-element_type=\"container\" data-e-type=\"container\">\n\t\t\t\t\t<div class=\"e-con-inner\">\n\t\t\t\t<div class=\"elementor-element elementor-element-13b0e11 elementor-shape-rounded elementor-grid-0 e-grid-align-center elementor-widget elementor-widget-social-icons\" data-id=\"13b0e11\" data-element_type=\"widget\" data-e-type=\"widget\" data-widget_type=\"social-icons.default\">\n\t\t\t\t<div class=\"elementor-widget-container\">\n\t\t\t\t\t\t\t<div class=\"elementor-social-icons-wrapper elementor-grid\" role=\"list\">\n\t\t\t\t\t\t\t<span class=\"elementor-grid-item\" role=\"listitem\">\n\t\t\t\t\t<a class=\"elementor-icon elementor-social-icon elementor-social-icon-facebook elementor-repeater-item-1a6f6db\" href=\"https:\/\/www.facebook.com\/beerandfoodfestbl\" target=\"_blank\">\n\t\t\t\t\t\t<span class=\"elementor-screen-only\">Facebook<\/span>\n\t\t\t\t\t\t<svg aria-hidden=\"true\" class=\"e-font-icon-svg e-fab-facebook\" viewBox=\"0 0 512 512\" xmlns=\"http:\/\/www.w3.org\/2000\/svg\"><path d=\"M504 256C504 119 393 8 256 8S8 119 8 256c0 123.78 90.69 226.38 209.25 245V327.69h-63V256h63v-54.64c0-62.15 37-96.48 93.67-96.48 27.14 0 55.52 4.84 55.52 4.84v61h-31.28c-30.8 0-40.41 19.12-40.41 38.73V256h68.78l-11 71.69h-57.78V501C413.31 482.38 504 379.78 504 256z\"><\/path><\/svg>\t\t\t\t\t<\/a>\n\t\t\t\t<\/span>\n\t\t\t\t\t\t\t<span class=\"elementor-grid-item\" role=\"listitem\">\n\t\t\t\t\t<a class=\"elementor-icon elementor-social-icon elementor-social-icon-instagram elementor-repeater-item-b421437\" href=\"https:\/\/www.instagram.com\/beerandfoodfestbl\" target=\"_blank\">\n\t\t\t\t\t\t<span class=\"elementor-screen-only\">Instagram<\/span>\n\t\t\t\t\t\t<svg aria-hidden=\"true\" class=\"e-font-icon-svg e-fab-instagram\" viewBox=\"0 0 448 512\" xmlns=\"http:\/\/www.w3.org\/2000\/svg\"><path d=\"M224.1 141c-63.6 0-114.9 51.3-114.9 114.9s51.3 114.9 114.9 114.9S339 319.5 339 255.9 287.7 141 224.1 141zm0 189.6c-41.1 0-74.7-33.5-74.7-74.7s33.5-74.7 74.7-74.7 74.7 33.5 74.7 74.7-33.6 74.7-74.7 74.7zm146.4-194.3c0 14.9-12 26.8-26.8 26.8-14.9 0-26.8-12-26.8-26.8s12-26.8 26.8-26.8 26.8 12 26.8 26.8zm76.1 27.2c-1.7-35.9-9.9-67.7-36.2-93.9-26.2-26.2-58-34.4-93.9-36.2-37-2.1-147.9-2.1-184.9 0-35.8 1.7-67.6 9.9-93.9 36.1s-34.4 58-36.2 93.9c-2.1 37-2.1 147.9 0 184.9 1.7 35.9 9.9 67.7 36.2 93.9s58 34.4 93.9 36.2c37 2.1 147.9 2.1 184.9 0 35.9-1.7 67.7-9.9 93.9-36.2 26.2-26.2 34.4-58 36.2-93.9 2.1-37 2.1-147.8 0-184.8zM398.8 388c-7.8 19.6-22.9 34.7-42.6 42.6-29.5 11.7-99.5 9-132.1 9s-102.7 2.6-132.1-9c-19.6-7.8-34.7-22.9-42.6-42.6-11.7-29.5-9-99.5-9-132.1s-2.6-102.7 9-132.1c7.8-19.6 22.9-34.7 42.6-42.6 29.5-11.7 99.5-9 132.1-9s102.7-2.6 132.1 9c19.6 7.8 34.7 22.9 42.6 42.6 11.7 29.5 9 99.5 9 132.1s2.7 102.7-9 132.1z\"><\/path><\/svg>\t\t\t\t\t<\/a>\n\t\t\t\t<\/span>\n\t\t\t\t\t<\/div>\n\t\t\t\t\t\t<\/div>\n\t\t\t\t<\/div>\n\t\t\t\t<div class=\"elementor-element elementor-element-4249192 elementor-widget elementor-widget-spacer\" data-id=\"4249192\" data-element_type=\"widget\" data-e-type=\"widget\" data-widget_type=\"spacer.default\">\n\t\t\t\t<div class=\"elementor-widget-container\">\n\t\t\t\t\t\t\t<div class=\"elementor-spacer\">\n\t\t\t<div class=\"elementor-spacer-inner\"><\/div>\n\t\t<\/div>\n\t\t\t\t\t\t<\/div>\n\t\t\t\t<\/div>\n\t\t\t\t\t<\/div>\n\t\t\t\t<\/div>\n\t\t\t\t<\/div>\n\t\t","protected":false},"excerpt":{"rendered":"<p>BANJA LUKA BEER AND FOOD FEST je festival hedonisti\u010dkog karaktera &#8211; osmi\u0161ljen da zadovolji ukus najzahtjevnijih ljubitelja hrane i pi\u0107a.<\/p>\n","protected":false},"author":1,"featured_media":6245,"parent":0,"menu_order":0,"comment_status":"closed","ping_status":"closed","template":"elementor_canvas","meta":{"footnotes":""},"class_list":["post-7","page","type-page","status-publish","has-post-thumbnail","hentry"],"yoast_head":"<!-- This site is optimized with the Yoast SEO plugin v27.0 - https:\/\/yoast.com\/product\/yoast-seo-wordpress\/ -->\n<title>Po\u010detna - Beer and Food Fest Banja Luka<\/title>\n<meta name=\"robots\" content=\"index, follow, max-snippet:-1, max-image-preview:large, max-video-preview:-1\" \/>\n<link rel=\"canonical\" href=\"https:\/\/beerandfoodfestbl.com\/\" \/>\n<meta property=\"og:locale\" content=\"en_US\" \/>\n<meta property=\"og:type\" content=\"article\" \/>\n<meta property=\"og:title\" content=\"Po\u010detna - Beer and Food Fest Banja Luka\" \/>\n<meta property=\"og:description\" content=\"BANJA LUKA BEER AND FOOD FEST je festival hedonisti\u010dkog karaktera - osmi\u0161ljen da zadovolji ukus najzahtjevnijih ljubitelja hrane i pi\u0107a.\" \/>\n<meta property=\"og:url\" content=\"https:\/\/beerandfoodfestbl.com\/\" \/>\n<meta property=\"og:site_name\" content=\"Beer and Food Fest Banja Luka\" \/>\n<meta property=\"article:modified_time\" content=\"2026-02-23T15:03:49+00:00\" \/>\n<meta property=\"og:image\" content=\"http:\/\/beerandfoodfestbl.com\/wp-content\/uploads\/2025\/01\/2025ogg-01-scaled.jpg\" \/>\n\t<meta property=\"og:image:width\" content=\"2560\" \/>\n\t<meta property=\"og:image:height\" content=\"1440\" \/>\n\t<meta property=\"og:image:type\" content=\"image\/jpeg\" \/>\n<meta name=\"twitter:card\" content=\"summary_large_image\" \/>\n<meta name=\"twitter:label1\" content=\"Est. reading time\" \/>\n\t<meta name=\"twitter:data1\" content=\"2 minutes\" \/>\n<script type=\"application\/ld+json\" class=\"yoast-schema-graph\">{\"@context\":\"https:\/\/schema.org\",\"@graph\":[{\"@type\":\"WebPage\",\"@id\":\"https:\/\/beerandfoodfestbl.com\/\",\"url\":\"https:\/\/beerandfoodfestbl.com\/\",\"name\":\"Po\u010detna - Beer and Food Fest Banja Luka\",\"isPartOf\":{\"@id\":\"https:\/\/beerandfoodfestbl.com\/#website\"},\"primaryImageOfPage\":{\"@id\":\"https:\/\/beerandfoodfestbl.com\/#primaryimage\"},\"image\":{\"@id\":\"https:\/\/beerandfoodfestbl.com\/#primaryimage\"},\"thumbnailUrl\":\"https:\/\/beerandfoodfestbl.com\/wp-content\/uploads\/2025\/01\/2025ogg-01-scaled.jpg\",\"datePublished\":\"2024-03-15T10:44:26+00:00\",\"dateModified\":\"2026-02-23T15:03:49+00:00\",\"breadcrumb\":{\"@id\":\"https:\/\/beerandfoodfestbl.com\/#breadcrumb\"},\"inLanguage\":\"en-US\",\"potentialAction\":[{\"@type\":\"ReadAction\",\"target\":[\"https:\/\/beerandfoodfestbl.com\/\"]}]},{\"@type\":\"ImageObject\",\"inLanguage\":\"en-US\",\"@id\":\"https:\/\/beerandfoodfestbl.com\/#primaryimage\",\"url\":\"https:\/\/beerandfoodfestbl.com\/wp-content\/uploads\/2025\/01\/2025ogg-01-scaled.jpg\",\"contentUrl\":\"https:\/\/beerandfoodfestbl.com\/wp-content\/uploads\/2025\/01\/2025ogg-01-scaled.jpg\",\"width\":2560,\"height\":1440},{\"@type\":\"BreadcrumbList\",\"@id\":\"https:\/\/beerandfoodfestbl.com\/#breadcrumb\",\"itemListElement\":[{\"@type\":\"ListItem\",\"position\":1,\"name\":\"Home\",\"item\":\"https:\/\/beerandfoodfestbl.com\/\"},{\"@type\":\"ListItem\",\"position\":2,\"name\":\"Po\u010detna\"}]},{\"@type\":\"WebSite\",\"@id\":\"https:\/\/beerandfoodfestbl.com\/#website\",\"url\":\"https:\/\/beerandfoodfestbl.com\/\",\"name\":\"Beer and Food Fest Banja Luka\",\"description\":\"\",\"publisher\":{\"@id\":\"https:\/\/beerandfoodfestbl.com\/#organization\"},\"potentialAction\":[{\"@type\":\"SearchAction\",\"target\":{\"@type\":\"EntryPoint\",\"urlTemplate\":\"https:\/\/beerandfoodfestbl.com\/?s={search_term_string}\"},\"query-input\":{\"@type\":\"PropertyValueSpecification\",\"valueRequired\":true,\"valueName\":\"search_term_string\"}}],\"inLanguage\":\"en-US\"},{\"@type\":\"Organization\",\"@id\":\"https:\/\/beerandfoodfestbl.com\/#organization\",\"name\":\"Beer and Food Fest Banja Luka\",\"url\":\"https:\/\/beerandfoodfestbl.com\/\",\"logo\":{\"@type\":\"ImageObject\",\"inLanguage\":\"en-US\",\"@id\":\"https:\/\/beerandfoodfestbl.com\/#\/schema\/logo\/image\/\",\"url\":\"https:\/\/beerandfoodfestbl.com\/wp-content\/uploads\/2024\/03\/MetaOG-01-1-scaled.jpg\",\"contentUrl\":\"https:\/\/beerandfoodfestbl.com\/wp-content\/uploads\/2024\/03\/MetaOG-01-1-scaled.jpg\",\"width\":2560,\"height\":1440,\"caption\":\"Beer and Food Fest Banja Luka\"},\"image\":{\"@id\":\"https:\/\/beerandfoodfestbl.com\/#\/schema\/logo\/image\/\"}}]}<\/script>\n<!-- \/ Yoast SEO plugin. -->","yoast_head_json":{"title":"Po\u010detna - Beer and Food Fest Banja Luka","robots":{"index":"index","follow":"follow","max-snippet":"max-snippet:-1","max-image-preview":"max-image-preview:large","max-video-preview":"max-video-preview:-1"},"canonical":"https:\/\/beerandfoodfestbl.com\/","og_locale":"en_US","og_type":"article","og_title":"Po\u010detna - Beer and Food Fest Banja Luka","og_description":"BANJA LUKA BEER AND FOOD FEST je festival hedonisti\u010dkog karaktera - osmi\u0161ljen da zadovolji ukus najzahtjevnijih ljubitelja hrane i pi\u0107a.","og_url":"https:\/\/beerandfoodfestbl.com\/","og_site_name":"Beer and Food Fest Banja Luka","article_modified_time":"2026-02-23T15:03:49+00:00","og_image":[{"width":2560,"height":1440,"url":"http:\/\/beerandfoodfestbl.com\/wp-content\/uploads\/2025\/01\/2025ogg-01-scaled.jpg","type":"image\/jpeg"}],"twitter_card":"summary_large_image","twitter_misc":{"Est. reading time":"2 minutes"},"schema":{"@context":"https:\/\/schema.org","@graph":[{"@type":"WebPage","@id":"https:\/\/beerandfoodfestbl.com\/","url":"https:\/\/beerandfoodfestbl.com\/","name":"Po\u010detna - Beer and Food Fest Banja Luka","isPartOf":{"@id":"https:\/\/beerandfoodfestbl.com\/#website"},"primaryImageOfPage":{"@id":"https:\/\/beerandfoodfestbl.com\/#primaryimage"},"image":{"@id":"https:\/\/beerandfoodfestbl.com\/#primaryimage"},"thumbnailUrl":"https:\/\/beerandfoodfestbl.com\/wp-content\/uploads\/2025\/01\/2025ogg-01-scaled.jpg","datePublished":"2024-03-15T10:44:26+00:00","dateModified":"2026-02-23T15:03:49+00:00","breadcrumb":{"@id":"https:\/\/beerandfoodfestbl.com\/#breadcrumb"},"inLanguage":"en-US","potentialAction":[{"@type":"ReadAction","target":["https:\/\/beerandfoodfestbl.com\/"]}]},{"@type":"ImageObject","inLanguage":"en-US","@id":"https:\/\/beerandfoodfestbl.com\/#primaryimage","url":"https:\/\/beerandfoodfestbl.com\/wp-content\/uploads\/2025\/01\/2025ogg-01-scaled.jpg","contentUrl":"https:\/\/beerandfoodfestbl.com\/wp-content\/uploads\/2025\/01\/2025ogg-01-scaled.jpg","width":2560,"height":1440},{"@type":"BreadcrumbList","@id":"https:\/\/beerandfoodfestbl.com\/#breadcrumb","itemListElement":[{"@type":"ListItem","position":1,"name":"Home","item":"https:\/\/beerandfoodfestbl.com\/"},{"@type":"ListItem","position":2,"name":"Po\u010detna"}]},{"@type":"WebSite","@id":"https:\/\/beerandfoodfestbl.com\/#website","url":"https:\/\/beerandfoodfestbl.com\/","name":"Beer and Food Fest Banja Luka","description":"","publisher":{"@id":"https:\/\/beerandfoodfestbl.com\/#organization"},"potentialAction":[{"@type":"SearchAction","target":{"@type":"EntryPoint","urlTemplate":"https:\/\/beerandfoodfestbl.com\/?s={search_term_string}"},"query-input":{"@type":"PropertyValueSpecification","valueRequired":true,"valueName":"search_term_string"}}],"inLanguage":"en-US"},{"@type":"Organization","@id":"https:\/\/beerandfoodfestbl.com\/#organization","name":"Beer and Food Fest Banja Luka","url":"https:\/\/beerandfoodfestbl.com\/","logo":{"@type":"ImageObject","inLanguage":"en-US","@id":"https:\/\/beerandfoodfestbl.com\/#\/schema\/logo\/image\/","url":"https:\/\/beerandfoodfestbl.com\/wp-content\/uploads\/2024\/03\/MetaOG-01-1-scaled.jpg","contentUrl":"https:\/\/beerandfoodfestbl.com\/wp-content\/uploads\/2024\/03\/MetaOG-01-1-scaled.jpg","width":2560,"height":1440,"caption":"Beer and Food Fest Banja Luka"},"image":{"@id":"https:\/\/beerandfoodfestbl.com\/#\/schema\/logo\/image\/"}}]}},"_links":{"self":[{"href":"https:\/\/beerandfoodfestbl.com\/index.php?rest_route=\/wp\/v2\/pages\/7","targetHints":{"allow":["GET"]}}],"collection":[{"href":"https:\/\/beerandfoodfestbl.com\/index.php?rest_route=\/wp\/v2\/pages"}],"about":[{"href":"https:\/\/beerandfoodfestbl.com\/index.php?rest_route=\/wp\/v2\/types\/page"}],"author":[{"embeddable":true,"href":"https:\/\/beerandfoodfestbl.com\/index.php?rest_route=\/wp\/v2\/users\/1"}],"replies":[{"embeddable":true,"href":"https:\/\/beerandfoodfestbl.com\/index.php?rest_route=%2Fwp%2Fv2%2Fcomments&post=7"}],"version-history":[{"count":74,"href":"https:\/\/beerandfoodfestbl.com\/index.php?rest_route=\/wp\/v2\/pages\/7\/revisions"}],"predecessor-version":[{"id":6256,"href":"https:\/\/beerandfoodfestbl.com\/index.php?rest_route=\/wp\/v2\/pages\/7\/revisions\/6256"}],"wp:featuredmedia":[{"embeddable":true,"href":"https:\/\/beerandfoodfestbl.com\/index.php?rest_route=\/wp\/v2\/media\/6245"}],"wp:attachment":[{"href":"https:\/\/beerandfoodfestbl.com\/index.php?rest_route=%2Fwp%2Fv2%2Fmedia&parent=7"}],"curies":[{"name":"wp","href":"https:\/\/api.w.org\/{rel}","templated":true}]}}